{"id":1263,"date":"2023-02-17T09:13:38","date_gmt":"2023-02-17T09:13:38","guid":{"rendered":"http:\/\/shteguishpreses.com\/index.php\/konfidencialiteti-6\/"},"modified":"2023-02-17T09:13:54","modified_gmt":"2023-02-17T09:13:54","slug":"konfidencialiteti-6","status":"publish","type":"page","link":"https:\/\/shteguishpreses.com\/index.php\/konfidencialiteti-6\/","title":{"rendered":"Konfidencialiteti"},"content":{"rendered":"<body>\n  \n    <section class=\"u-align-center u-clearfix u-section-1\" id=\"carousel_2c03\">\n      <div class=\"u-clearfix u-sheet u-valign-middle-lg u-valign-middle-xl u-sheet-1\">\n        <blockquote class=\"u-align-center-sm u-align-center-xs u-border-20 u-border-custom-color-3 u-custom-font u-font-playfair-display u-text u-text-custom-color-1 u-text-default u-text-1\">Konfidencialiteti<\/blockquote>\n      <\/div>\n    <\/section>\n    <section class=\"u-clearfix u-grey-5 u-section-2\" id=\"sec-d7d1\">\n      <div class=\"u-clearfix u-sheet u-sheet-1\">\n        <div class=\"u-clearfix u-expanded-width u-layout-wrap u-layout-wrap-1\">\n          <div class=\"u-layout\">\n            <div class=\"u-layout-row\">\n              <div class=\"u-container-style u-image u-layout-cell u-shading u-size-30 u-image-1\" data-image-width=\"800\" data-image-height=\"532\" style=\"background-image: linear-gradient(0deg, rgba(0, 0, 0, 0.35), rgba(0, 0, 0, 0.35)), url(&quot;https:\/\/shteguishpreses.com\/wp-content\/uploads\/2023\/02\/konfidencialiteti-3.jpeg&quot;);\">\n                <div class=\"u-container-layout u-valign-bottom u-container-layout-1\"><\/div>\n              <\/div>\n              <div class=\"u-align-left u-container-style u-grey-5 u-layout-cell u-size-30 u-layout-cell-2\">\n                <div class=\"u-container-layout u-container-layout-2\">\n                  <p class=\"u-custom-font u-font-playfair-display u-text u-text-1\"> Terapist\u00ebt\ntan\u00eb e kuptojn\u00eb r\u00ebnd\u00ebsin\u00eb e konfidencialitetit dhe t\u00eb privat\u00ebsis\u00eb, dhe i\nrespektojn\u00eb k\u00ebto n\u00eb m\u00ebnyr\u00ebn m\u00eb t\u00eb rrept\u00eb.\u00a0 \u00a0\u00a0<br>\n                    <br>Stafi\ndhe terapist\u00ebt e Qendr\u00ebs s\u00eb Terapis\u00eb shfaqin respektin m\u00eb t\u00eb madh p\u00ebr\nkonfidencialitetin e klientit n\u00eb nj\u00eb marr\u00ebdh\u00ebnie profesionale.\u00a0\u00a0<br>\n                    <br>Ata i p\u00ebrmbahen rrept\u00ebsisht\nkonfidencialitetit, duke siguruar besimin te klient\u00ebt tan\u00eb se privat\u00ebsia e\nplot\u00eb do t\u00eb respektohet n\u00eb m\u00ebnyr\u00eb absolute.\n                  <\/p>\n                  <a href=\"http:\/\/shteguishpreses.com\/index.php\/kontakt-3\/#sec-27f1\" class=\"u-btn u-btn-round u-button-style u-hover-palette-1-light-1 u-palette-1-base u-radius-6 u-btn-1\">Fillo tani <span style=\"font-size: 1.5rem;\"><\/span>!\n                  <\/a>\n                <\/div>\n              <\/div>\n            <\/div>\n          <\/div>\n        <\/div>\n      <\/div>\n    <\/section>\n    \n    \n    \n  \n<\/body>","protected":false},"excerpt":{"rendered":"<p>Konfidencialiteti Terapist\u00ebt tan\u00eb e kuptojn\u00eb r\u00ebnd\u00ebsin\u00eb e konfidencialitetit dhe t\u00eb privat\u00ebsis\u00eb, dhe i respektojn\u00eb k\u00ebto n\u00eb m\u00ebnyr\u00ebn m\u00eb t\u00eb rrept\u00eb.&nbsp; &nbsp;&nbsp; Stafi dhe terapist\u00ebt e Qendr\u00ebs s\u00eb Terapis\u00eb shfaqin respektin m\u00eb t\u00eb madh p\u00ebr konfidencialitetin e klientit n\u00eb nj\u00eb marr\u00ebdh\u00ebnie profesionale.&nbsp;&nbsp; Ata i p\u00ebrmbahen rrept\u00ebsisht konfidencialitetit, duke siguruar besimin te klient\u00ebt tan\u00eb se privat\u00ebsia e &hellip; <a href=\"https:\/\/shteguishpreses.com\/index.php\/konfidencialiteti-6\/\" class=\"more-link\">Continue reading<span class=\"screen-reader-text\"> &#8220;Konfidencialiteti&#8221;<\/span><\/a><\/p>\n","protected":false},"author":1,"featured_media":0,"parent":0,"menu_order":4,"comment_status":"closed","ping_status":"closed","template":"","meta":{"om_disable_all_campaigns":false,"_monsterinsights_skip_tracking":false,"_monsterinsights_sitenote_active":false,"_monsterinsights_sitenote_note":"","_monsterinsights_sitenote_category":0,"footnotes":""},"class_list":["post-1263","page","type-page","status-publish","hentry"],"jetpack_sharing_enabled":true,"_links":{"self":[{"href":"https:\/\/shteguishpreses.com\/index.php\/wp-json\/wp\/v2\/pages\/1263"}],"collection":[{"href":"https:\/\/shteguishpreses.com\/index.php\/wp-json\/wp\/v2\/pages"}],"about":[{"href":"https:\/\/shteguishpreses.com\/index.php\/wp-json\/wp\/v2\/types\/page"}],"author":[{"embeddable":true,"href":"https:\/\/shteguishpreses.com\/index.php\/wp-json\/wp\/v2\/users\/1"}],"replies":[{"embeddable":true,"href":"https:\/\/shteguishpreses.com\/index.php\/wp-json\/wp\/v2\/comments?post=1263"}],"version-history":[{"count":1,"href":"https:\/\/shteguishpreses.com\/index.php\/wp-json\/wp\/v2\/pages\/1263\/revisions"}],"predecessor-version":[{"id":1288,"href":"https:\/\/shteguishpreses.com\/index.php\/wp-json\/wp\/v2\/pages\/1263\/revisions\/1288"}],"wp:attachment":[{"href":"https:\/\/shteguishpreses.com\/index.php\/wp-json\/wp\/v2\/media?parent=1263"}],"curies":[{"name":"wp","href":"https:\/\/api.w.org\/{rel}","templated":true}]}}